0 - -6. What are the prime factors of s(d)?
2, 3, 5
Suppose 4*z - 6*z = -104. What are the prime factors of z?
2, 13
Let y = 0 + 42. Let i be (-1 - y/(-4))*-2. Let f = -7 - i. List the prime factors of f.
2, 3
Suppose -2*r + 3*x + 168 = -5*r, 68 = -r - 5*x. Let d = 97 + r. What are the prime factors of 15/(-10)*d/(-6)?
11
Let v(q) = 7*q - 1. Let r be v(2). Let l = 23 - 16. Let x = r - l. List the prime factors of x.
2, 3
Let c = 2 + -4. Let b be 2 - 2*c/4. Suppose -3*o + b = -6. List the prime factors of o.
3
Let q(t) = -t**3 + 4*t**2 - 5*t + 4. Let j(w) = w + 1. Let g be j(2). Let z be q(g). Let u(a) = a**3 + 2*a**2 - a. What are the prime factors of u(z)?
2
Let u(p) = -2*p**3 - p**2 + 3*p - 2. Let m be u(2). What are the prime factors of m/(-6)*(-6 - -9)?
2
Suppose 5*y = 4*y + 5. Suppose -4 = -2*b + 4*i, 0 = b + b - y*i - 4. What are the prime factors of b?
2
Let n = -18 + 15. What are the prime factors of 6 + n + 1 + -2?
2
Let g(c) = -c + 6. Let t be g(6). Suppose t = -4*n + 246 - 58. Suppose -3*b = 2*a - n, 3*a - 4*b - 34 = -6. List the prime factors of a.
2
Let z be -1*(-3 + -1) - 30. Let j = z + 52. What are the prime factors of j?
2, 13
Suppose 11*k - 1709 = 18. What are the prime factors of k?
157
Suppose -18 = -3*j - 0*j. Let d be (j/(-9))/((-1)/(-36)). List the prime factors of (d - -3)*4/(-6).
2, 7
Suppose -y - 5 = -d - 3, -3*d + 2 = -5*y. List the prime factors of y.
2
Let h(z) = -z - 1. Let k be h(8). Let b = k - -15. Suppose -d + 34 = 5*t, t - 18 + b = 5*d. What are the prime factors of t?
7
Suppose l + 24 = -4*z - l, 36 = -5*z - l. Let i be (-15 - -3)/(3/z). Suppose -5*t = -t - i. What are the prime factors of t?
2
Let v be -38*(-4 - (0 + -2)). Let d be 2*1 + v/4. Let n = -9 + d. List the prime factors of n.
2, 3
List the prime factors of (-9)/(-18)*(3 + -1)*73.
73
Suppose -168 = -6*a + 2*a. What are the prime factors of a?
2, 3, 7
List the prime factors of -2 + (-3 - (3 + -14)).
2, 3
Suppose -2 = -2*p + c + 4, -4*c - 6 = -2*p. What are the prime factors of p/5 - 348/(-20)?
2, 3
Suppose -z = -4*z + 6. Let q = 1 + z. Suppose -15 = -q*o, l = 2*l + 3*o - 29. What are the prime factors of l?
2, 7
Suppose -5*w = 3*s - 314, 0*w - 4 = -4*w. Suppose -4*d + 116 = 4*i, -s - 26 = -5*i + 3*d. List the prime factors of i.
3
Suppose c - 4 = -c - u, -3*u = -2*c + 12. Suppose -d - c*d = -64. What are the prime factors of d?
2
Let c(i) = 3*i**2 + i - 1. Suppose d + b = -d - 3, -5*d + 4*b = -25. Let v be c(d). What are the prime factors of 1/(-3)*v*-17?
17
Let x be 9/(-2)*6/(-9). Suppose -x*u - 30 = 4*s, 3*s = 3*u + 2*u + 21. List the prime factors of u/10 + 96/10.
3
Suppose 2*w - 5*i + 3 + 18 = 0, -i + 7 = w. Suppose -g + 39 = w*g. List the prime factors of g.
13
Let u be (-3)/(-5) + (-48)/(-20). Suppose -4 = u*x + 8. Let y = 11 + x. What are the prime factors of y?
7
Let t = -2 - 0. Let d be (6/4)/(t/4). Let u(r) = -r**3 - r**2 + 2*r - 1. What are the prime factors of u(d)?
11
Suppose 2*p - 5 = -1. Suppose -74 = h - 6*h + 2*q, p*h + 2*q - 24 = 0. List the prime factors of h.
2, 7
Let x = 0 + -3. What are the prime factors of 16 - x*(-1 + 2)?
19
List the prime factors of ((-6)/(-18))/((-1)/(-36)).
2, 3
Let p be -3 - (-3)/(-9)*0. List the prime factors of (2/p)/((-3)/36).
2
Suppose 0 = 5*p - 3*j - 7, -5*p + 0*j = -j - 9. List the prime factors of -9*((-3)/(-3) - p).
3
Suppose -4*x + 87 = -2*i + 17, 5*i + 85 = 5*x. Suppose x - 4 = 2*b. List the prime factors of b.
7
Let l(v) = -v**2 + 14*v - 3. What are the prime factors of l(8)?
3, 5
Let y = 37 + -26. Let c = -19 + y. List the prime factors of ((-3)/6*c)/2.
2
Suppose y + 0*y + 13 = 0. Let u = y + 35. Let l = -10 + u. What are the prime factors of l?
2, 3
Let l be ((-6 - -3) + 2)*-7. List the prime factors of 72/7 - 2/l.
2, 5
Suppose -d = 3*d + 24. Let o(u) = u**2 + 9*u + 7. Let f be o(d). List the prime factors of (-64)/f - 6/(-33).
2, 3
Suppose u + 7 = -2*x + x, -2*x + u - 11 = 0. Let d be x/(-4)*(-30)/(-5). Suppose 2*a + d = w, -3*a = 4*w + a - 36. List the prime factors of w.
3
Let a(z) = z**3 + 12*z**2 - 24*z - 15. List the prime factors of a(-11).
2, 5, 37
Let d = 478 + -323. What are the prime factors of d?
5, 31
Let o be ((-3)/(-4))/(1/(-4)). Let m = 1 - o. List the prime factors of m.
2
Let f = 53 - 33. Let o = -15 + f. List the prime factors of o.
5
Suppose -g + 103 = 2*p + 2*p, 0 = 3*p + 2*g - 76. Let l = p - 14. List the prime factors of l.
2, 3
Let q be 8/(2 - -1 - 1). Let x be (0 + 94/q)*2. What are the prime factors of x/5 + 10/(-25)?
3
What are the prime factors of 868/4 + -4 - (1 - 3)?
5, 43
Suppose 4*f + 0*f - 12 = 0. Suppose 0 = f*g + g. Suppose -3*m = -p, g = -2*m - 2*m + 8. List the prime factors of p.
2, 3
Let t(w) = -w + 10. Let q be t(8). Suppose -3*l - q*l + 5 = 0, 2*l = -5*b + 82. List the prime factors of b.
2
What are the prime factors of ((-4)/(-6) - (-1876)/12)/1?
157
Let s = -121 - -174. List the prime factors of s.
53
Suppose -18 = -4*x - 10. Suppose 3*n = 67 + x. What are the prime factors of n?
23
Suppose -3*c = 5*h - 312, -4*c + h + 159 = -280. What are the prime factors of c?
109
Let t(g) = -g**3 - 16*g**2 + 6*g - 15. What are the prime factors of t(-17)?
2, 43
Let y = -2 + 4. Suppose -2 = -j + y. Suppose 0 = r - j*u - 22 + 1, 5*r - 3*u - 71 = 0. List the prime factors of r.
13
Let b(k) = 5*k - 2. Let p be b(7). Let o(u) = -5*u**2 - 4*u - 2. Let g be o(-2). What are the prime factors of p/7 - 4/g?
5
Suppose -5*w = v + 149, 0 = -0*v + v + 4*w + 152. Let y be 4/(-6) - v/12. Suppose 11 = 3*f - y. What are the prime factors of f?
2
Let l(u) be the third derivative of u**4/2 - u**3/6 - 3*u**2. List the prime factors of l(1).
11
Let s(x) = -x**3 - 9*x**2 - 26*x + 1. List the prime factors of s(-5).
31
Suppose 2*o = -2, -o = 5*n - 6*o - 20. Suppose -5*z - 3*w = -50, 0*z - n*z + 2*w = -49. List the prime factors of z.
13
Suppose -3*m - 4*f + 5*f = -333, 2*f - 230 = -2*m. List the prime factors of m.
2, 7
Suppose 4*w - 123 = -3*j, 4*w = -5*j + 27 + 106. What are the prime factors of w?
3
Suppose -9*v + 486 + 153 = 0. List the prime factors of v.
71
Suppose 1 = a - 12. Let s(k) = k**2 - 3*k - 5. Let i be s(5). Let m = a - i. List the prime factors of m.
2
Let i = -4 - -9. Suppose -8 + i = -w. Suppose 0*v = w*v - 6. What are the prime factors of v?
2
Let i = -2 + 3. Let p = i + -4. Let w = 5 + p. List the prime factors of w.
2
Suppose 0*a + 3 = -3*a. Let i = a + 1. Let h = 14 - i. What are the prime factors of h?
2, 7
Let j(i) = -3*i - 3. Let s be j(-2). Suppose 32 = s*g - 10. Let k = g - 9. What are the prime factors of k?
5
Let o = 243 + -133. List the prime factors of o.
2, 5, 11
Suppose 0 = 4*j - 3*j - 369. List the prime factors of j.
3, 41
List the prime factors of (-4)/30 + 1384/30.
2, 23
Suppose g - 3*a + 0*a = 11, -3*g - 4*a - 6 = 0. What are the prime factors of g?
2
Suppose 0 = -0*m - 4*m + 80. Let u = -11 + m. What are the prime factors of u?
3
Let j = 61 + -24. List the prime factors of j.
37
Let m(j) = -10*j - 4. What are the prime factors of m(-4)?
2, 3
Let t(l) = -l - 3. Let y be t(-3). Suppose -c - 2*z + 30 = y, 4*z + 30 = c + 6. Let d = c + -11. What are the prime factors of d?
17
Let m be ((-10)/(-15))/((-2)/(-9)). Suppose -4 = -2*v, s - v = m*v + 30. List the prime factors of s.
2, 19
Suppose 2*k + z = 16, -38 = -2*k - 3*k - 2*z. Suppose -2*v = h - k, -h + 12 = 2*v - 6*v. List the prime factors of h.
2
Suppose 5*r + 51 = -4. Let k = 4 - r. What are the prime factors of k?
3, 5
Let b(d) = -3*d - 7. Let k(v) = -v. Let y(j) = -b(j) + 2*k(j). Let w = -15 + 10. List the prime factors of y(w).
2
Suppose 0 = 4*n - n - 189. What are the prime factors of n?
3, 7
Suppose 3*m - p - 4*p = -14, -5*p + 18 = -m. Suppose q - 2*h = m*h + 28, 3*h + 3 = 0. List the prime factors of q.
2, 3
Let x(y) = -2*y + 7*y - 2*y + 5*y. What are the prime factors of x(3)?
2, 3
Let o = -121 - -181. List the prime factors of o.
2, 3, 5
Let y(n) = n**2 + 5*n - 11. What are the prime factors of y(-9)?
5
Suppose 0 = w + 3*w + 5*j + 5, -25 = 5*j. What are the prime factors of (3 + 3)/(2/w)?
3, 5
Suppose 0 = -s - s - 2*z - 58, -3*z = -2*s - 48. Let d = -16 - s. What are the prime factors of d?
11
Let c be (32/24)/((-1)/(-3)). Suppose -c*u + 12 = -24. What are the prime factors of u?
3
S